9 a prime number?
True
Is 580451 prime?
False
Is 227269 composite?
True
Is 77839 composite?
False
Is 5799 a prime number?
False
Is 41765 composite?
True
Is 272329 a prime number?
True
Is 399643 composite?
False
Is 16423 a prime number?
False
Is 188051 prime?
False
Is 259705 composite?
True
Is 665749 a composite number?
True
Is 85099 a prime number?
False
Is 20681 prime?
True
Is 19939 composite?
True
Is 10909 composite?
False
Is 112399 a composite number?
True
Is 36329 prime?
False
Is 17231 a composite number?
False
Is 210097 a composite number?
False
Is 16773 a prime number?
False
Is 1599965 composite?
True
Is 81839 composite?
False
Is 263237 a prime number?
False
Is 3671 a composite number?
False
Is 26905 a composite number?
True
Is 2407 a prime number?
False
Is 20714 a composite number?
True
Is 118439 prime?
False
Is 2192533 prime?
False
Is 73517 prime?
True
Is 32699 a prime number?
False
Is 96983 prime?
False
Is 4853 a composite number?
True
Is 281921 prime?
True
Is 597527 prime?
False
Is 202591 composite?
False
Is 30223 prime?
True
Is 89467 composite?
True
Is 4769 a prime number?
False
Is 21557 prime?
True
Is 1252637 a prime number?
False
Is 24693 a prime number?
False
Is 31 prime?
True
Is 3299 a prime number?
True
Is 2483161 composite?
False
Is 52121 a prime number?
True
Is 265 a composite number?
True
Is 17231 a prime number?
True
Is 6163 composite?
False
Is 113537 composite?
False
Is 5789 a prime number?
False
Is 251 a composite number?
False
Is 10427 a composite number?
False
Is 76513 a composite number?
True
Is 3151 a prime number?
False
Is 501286 prime?
False
Is 44518 a composite number?
True
Is 10132585 a prime number?
False
Is 24537 composite?
True
Is 481099 composite?
True
Is 67951 prime?
False
Is 2053 a composite number?
False
Is 3162941 a prime number?
True
Is 144605 a composite number?
True
Is 17621 composite?
True
Is 1104079 composite?
False
Is 97799 prime?
False
Is 38431 prime?
True
Is 98773 composite?
False
Is 261561 a composite number?
True
Is 18973 a prime number?
True
Is 9661 composite?
False
Is 701 a composite number?
False
Is 8399 a prime number?
False
Is 32989 a composite number?
True
Is 24137 a prime number?
True
Is 53549 composite?
False
Is 8147 prime?
True
Is 72577 a prime number?
True
Is 5507 a composite number?
False
Is 10319 a prime number?
False
Is 67121 prime?
True
Is 6467 composite?
True
Is 574477 composite?
False
Is 93289 prime?
False
Is 293 a prime number?
True
Is 392669 a composite number?
False
Is 31435 composite?
True
Is 23459 a composite number?
False
Is 15527 a composite number?
False
Is 157 a composite number?
False
Is 8923 a prime number?
True
Is 19939 a prime number?
False
Is 18429 prime?
False
Is 52123 a composite number?
True
Is 9328645 composite?
True
Is 1006669 a prime number?
False
Is 151889 a prime number?
False
Is 232251 prime?
False
Is 915293 prime?
False
Is 51749 a composite number?
False
Is 97771 composite?
False
Is 29009 composite?
False
Is 229303 a composite number?
True
Is 478574 a prime number?
False
Is 33013 a prime number?
True
Is 1139465 composite?
True
Is 5129 a composite number?
True
Is 19373 prime?
True
Is 2876563 composite?
True
Is 20143 a composite number?
False
Is 877 a prime number?
True
Is 1310891 a composite number?
False
Is 2899093 a prime number?
False
Is 18946 a composite number?
True
Is 58253 a composite number?
True
Is 13367 composite?
False
Is 747767 prime?
False
Is 77117 composite?
True
Is 15115 a composite number?
True
Is 310654 a composite number?
True
Is 3019 prime?
True
Is 105091 composite?
True
Is 1992119 a composite number?
False
Is 46549 a prime number?
True
Is 105751 composite?
False
Is 5435 composite?
True
Is 45647 a prime number?
False
Is 3429287 prime?
True
Is 27143 a composite number?
False
Is 4721 a composite number?
False
Is 199301 a composite number?
True
Is 21239 prime?
False
Is 2018111 composite?
False
Is 62297 a composite number?
False
Is 11411 prime?
True
Is 90263 a prime number?
True
Is 1800989 prime?
False
Is 31307 a prime number?
True
Is 2173 a composite number?
True
Is 414065 a prime number?
False
Is 9221 a composite number?
False
Is 2005 composite?
True
Is 79671 a prime number?
False
Is 37397 a prime number?
True
Is 35599 prime?
False
Is 811481 prime?
False
Is 158183 prime?
False
Is 59611 a composite number?
False
Is 149529 prime?
False
Is 4267 prime?
False
Is 3595913 a composite number?
True
Is 264437 composite?
False
Is 471467 a prime number?
True
Is 16123 a prime number?
False
Is 1339523 composite?
False
Is 1043 a composite number?
True
Is 67681 a composite number?
True
Is 55147 a composite number?
False
Is 201991 a composite number?
True
Is 319387 a prime number?
True
Is 794111 a prime number?
True
Is 20317 prime?
False
Is 667987 a composite number?
False
Is 1219 prime?
False
Is 87179 prime?
True
Is 29591 composite?
True
Is 85559 a composite number?
True
Is 617837 prime?
False
Is 116837 a composite number?
True
Is 79309 a prime number?
True
Is 6467 composite?
True
Is 324977 a prime number?
True
Is 14479 composite?
False
Is 19889 a prime number?
True
Is 16199 prime?
False
Is 45863 prime?
True
Is 86381 a prime number?
True
Is 23957 a prime number?
True
Is 130619 a prime number?
True
Is 86813 composite?
False
Is 787 a prime number?
True
Is 21701 a composite number?
False
Is 839 a prime number?
True
Is 1042039 a prime number?
True
Is 18059 prime?
True
Is 13499 prime?
True
Is 37607 a composite number?
False
Is 4413547 a composite number?
False
Is 329711 prime?
True
Is 2819 composite?
False
Is 21207 prime?
False
Is 86311 composite?
False
Is 1471 composite?
False
Is 56423 composite?
True
Is 59601 a composite number?
True
Is 219397 a composite number?
True
Is 94307 a composite number?
False
Is 1423379 a prime number?
True
Is 128761 a composite number?
False
Is 10781 composite?
False
Is 12301 prime?
True
Is 184687 prime?
True
Is 8079 a composite number?
True
Is 4022 composite?
True
Is 288349 prime?
True
Is 2243 a composite number?
False
Is 30341 prime?
True
Is 1151 a prime number?
True
Is 3494947 composite?
False
Is 8765 prime?
False
Is 29479 a composite number?
True
Is 18431 prime?
False
Is 17783 a prime number?
True
Is 3754897 composite?
False
Is 743 a prime number?
True
Is 123577 a composite number?
True
Is 71157 a prime number?
False
Is 1330631 composite?
True
Is 364466 prime?
False
Is 238547 prime?
True
Is 10993 composite?
False
Is 966463 a composite number?
False
Is 224969 a prime number?
True
Is 449 prime?
True
Is 467329 composite?
False
Is 1547213 a prime number?
True
Is 3203 a composite number?
False
Is 51157 prime?
True
Is 119159 a prime number?
True
Is 17399 a prime number?
False
Is 388681 a prime number?
False
Is 63269 a prime number?
False
Is 15241 a composite number?
False
Is 280537 prime?
True
Is 425449 a composite number?
True
Is 14921 prime?
False
Is 4867 prime?
False
Is 872653 prime?
False
Is 22189 composite?
False
Is 13519 a composite number?
True
Is 1131937 composite?
False
Is 2503 prime?
True
Is 3037 a prime number?
True
Is 1535 a prime number?
False
Is 83 composite?
False
Is 50207 a prime number?
True
Is 7033 a composite number?
True
Is 2203 composite?
False
Is 15101 composite?
False
Is 410699 prime?
False
Is 83179 a composite number?
True
Is 8039 composite?
False
Is 261451 a prime number?
True
Is 587 a composite number?
False
Is 19595 composite?
True
Is 208037 a composite number?
False
Is 79451 composite?
False
Is 39361 prime?
False
Is 8261 prime?
False
Is 3695 a prime number?
False
Is 387551 composite?
False
Is 80963 composite?
False
Is 52549 prime?
False
Is 179731 a composite number?
True
Is 84263 a composite number?
False
Is 694717 a composite number?
False
Is 82699 a composite number?
False
Is 12381 a prime number?
False
Is 8419 a composite number?
False
Is 15551 a prime number?
True
Is 72421 composite?
False
Is 40498 a prime number?
False
Is 94193 a prime number?
False
Is 1009 a composite number?
False
Is 137141 a prime number?
False
Is 3421 prime?
False
Is 29413 prime?
False
Is 3453 composite?
True
Is 521981 a prime number?
True
Is 605309 composite?
False
Is 1566433 composite?
True
Is 122947 a composite number?
True
Is 462097 composite?
False
Is 2935379 prime?
True
Is 87739 composite?
False
Is 107269 a prime number?